-12
Let q(v) = 12 - 2 + v**2 + 2. Let c be 2 + 1 - -21*(-8)/56. Give q(c).
12
Let l(x) = -14*x. Let m(a) = a**2 + a - 15. Let w be m(-4). Determine l(w).
42
Let u(l) be the third derivative of -l**5/30 + l**3/3 + 62*l**2 - 2. What is u(4)?
-30
Let l(n) = 14*n - 17. Let x(t) = 5*t - 6. Let o(d) = 4*l(d) - 11*x(d). Let u = -1472 + 1477. Calculate o(u).
3
Let r(p) = -p**3 - 66*p**2 - 63*p + 137. Let z be r(-65). Let v(i) = -i**3 + 6*i**2 + 9*i + 2. Calculate v(z).
16
Let k be 9/27 - (1/3 - 3). Let b(w) be the first derivative of 1/3*w**k + 2 + 2*w**2 - w. Give b(-6).
11
Let c(r) = -15*r - 2. Let n(t) = 30*t + 3 + t + 2. Let m(a) = -7*c(a) - 3*n(a). Calculate m(-1).
-13
Suppose 16*x - 13*x - 15 = 0. Let p(k) = -12 + 4*k + 2*k + 3 - x*k. Calculate p(5).
-4
Let c(s) = -5*s**2 + 5*s**2 + 6*s**2. Let g = 0 - -2. Let m = g + -3. Calculate c(m).
6
Let n(d) = d**2 + 5*d - 1. Let i(c) be the first derivative of -c**3 - 5*c**2 + 2*c - 13. Let o(u) = 2*i(u) + 5*n(u). Let f be 1/((3 + -2)/5). Determine o(f).
-1
Let a(l) = -l**3 - 12*l**2 + 17*l + 59. Let w be a(-13). Let i(k) = -k**3 + 7*k**2 - 2*k + 4. Calculate i(w).
-10
Suppose -c = 5 - 2. Let k = -10 + c. Let s = -15 - k. Let l(r) = r**2 + r. Give l(s).
2
Suppose -r + 2 = -0*r. Let h(f) = -r - 3*f - 2 + 5 - 4 - f**3. Give h(-2).
11
Let m(l) = -8*l + 9. Let j = -115 - -118. Calculate m(j).
-15
Let d(k) = k**2 - 32*k - 31. Let h be d(33). Let t(q) = -5*q**2 + 2*q - 1. Calculate t(h).
-17
Suppose 9*m - 2*m - 2*m = 0. Let z(g) be the second derivative of g**4/12 - 4*g**2 + 5*g. Calculate z(m).
-8
Let y(b) = b**3 - 4*b**2 - 2*b - 3. Let p(k) be the second derivative of -k**5/5 + k**4/4 + k**3/2 + k**2/2 + 31*k. Let l be p(-1). Give y(l).
12
Let h(m) = m**3 + 6*m**2 + 4*m. Suppose -67*l = -64*l + 15. Calculate h(l).
5
Let s(l) = -6*l + 7. Let x = 412 - 415. Determine s(x).
25
Let i(m) = m**3 - 5*m**2 - 2*m + 7. Let k(f) = -f**3 - 9*f**2 - 5*f + 8. Let t be k(-8). Let h = -11 - t. Give i(h).
-3
Let b(p) = 3*p**2 - 17*p. Let l be b(7). Suppose -5*u + 3*i = -l, u - 2*u - 5*i = 0. Suppose 3 = u*c - 12. Let x(z) = -2*z**2 + 4*z - 1. What is x(c)?
-7
Let l(a) = -a**2 + 2*a + 1. Let i(w) = -w**3 + 12*w**2 - 14*w - 4. Let f(m) = i(m) + 4*l(m). Determine f(7).
7
Let n(w) be the first derivative of w**4/4 + 10*w**3/3 + 9*w**2/2 - 5*w - 813. Calculate n(-9).
-5
Let z(x) = -x - 10. Let t be z(-7). Let m be (4 + -5)*9 - t. Let f(l) = l**3 + 5*l**2 - 5*l + 2. What is f(m)?
-4
Let q(s) = 3*s - 96. Let i be q(33). Let d(j) = 4*j**2 - 3*j + 4. Calculate d(i).
31
Let x(g) be the second derivative of -g**3/3 - g**2 - g. Let m(c) = -c**2 + 16*c - 7. Let y be m(11). Let p be y/(-40)*10/(-6). Calculate x(p).
-6
Let i(u) = -2*u**2 - 3*u - 3. Let g(k) = k**2 + k + 1. Let f(d) = 5*g(d) + 2*i(d). Let n be 79/(-9) - 0 - (-18)/(-81). Let p be 15/n + (-3)/9. Give f(p).
5
Let y(m) = m**3 + 6*m**2 + m - 5. Let a(t) = 9*t - 5. Let j be a(0). Give y(j).
15
Let m = -3 - -5. Suppose -5*g - 3 = -m*g. Let p(k) = 8*k**3 - 2 + 8*k**3 + k - 8*k**3 + 3. Give p(g).
-8
Let o = 6943 - 6937. Let f(g) be the third derivative of -g**6/120 + g**5/10 - g**4/12 + 7*g**3/6 + g**2. Calculate f(o).
-5
Let v = -57 + 61. Let l(q) = q**2 - 5*q + 3. Let a(d) = -d**2 + 5*d - 2. Let s(t) = v*a(t) + 3*l(t). Give s(5).
1
Suppose -2*k = -k - 29. Suppose 40 = -24*g + k*g. Let d(s) = -s**2 + 9*s - 1. Calculate d(g).
7
Let h(q) = 27*q**2 + 28*q**2 - 54*q**2 - 3 - q. Let o(z) = z + 1. Let w be o(-4). Calculate h(w).
9
Let f be (-54)/(-12)*(-4)/(-6). Let o(n) = -4*n**f - 14*n**3 + n**3. Determine o(-1).
17
Let l(x) be the second derivative of x**3/6 - 2*x**2 + 6*x. Let j = -7 - -11. Let n be j/(-10) + (-23)/5. What is l(n)?
-9
Let n(j) = 3*j - 17. Let f(l) = -21*l - 57. Let o be f(-3). Calculate n(o).
1
Let i(h) = -6*h - 34. Let f(u) = -u**3 + 26*u**2 - 24*u - 33. Let s be f(25). What is i(s)?
14
Let d(b) be the first derivative of b**5/60 - b**3 - 3. Let k(q) be the third derivative of d(q). Suppose 5*g + y = -24 + 39, 20 = 4*y. Give k(g).
4
Let v(i) = -2*i**3 + 0*i**2 + i**3 - 57 + 5*i**2 + 64 - i. Let o(k) = k**2 + 1. Let x(z) = -4*o(z) + v(z). Let d(b) = -b - 3. Let l be d(-3). Give x(l).
3
Suppose -4*h = h - 15. Let n(a) = -a**2 - 8*a - 8. Let y be n(-6). Let t(f) = 4*f**2 - y*f**3 + 2 + 3 + 5*f**h + 2*f. Give t(-4).
-3
Let v(h) be the second derivative of -h**5/120 + 49*h**3/6 + 18*h. Let s(k) be the second derivative of v(k). Give s(2).
-2
Let f(t) be the third derivative of -1/60*t**5 + 0 - 49*t**2 + 0*t - 7/24*t**4 - 5/6*t**3. Give f(-5).
5
Let u = 209 - 211. Let h be 2/2*(-8)/(-4). Let r(q) = q**h + 0*q - 2*q - 1 + q**2. Calculate r(u).
11
Let k(u) = 5*u + 123. Let n be k(-23). Let l(x) = x**2 - 9*x + 2. Give l(n).
-6
Let s(v) = v**2 + 21*v. Let z(g) = 3*g + 1. Let y(q) = s(q) - 5*z(q). Give y(-6).
-5
Suppose -4*p - 40 = 3*k + k, 0 = 4*k - 3*p + 47. Let l(d) = -d**2 - 10*d + 12. Give l(k).
1
Let f(b) = 2*b**2 + 2*b - 1. Let h(n) = n**2 + 12*n + 8. Let x(o) = f(o) - h(o). Calculate x(11).
2
Let u(w) = 14*w**2 + 120*w**3 - 15*w**2 - 62*w**3 - 64*w**3 + w. Determine u(1).
-6
Let k(p) = -3*p**2 - p. Let w(b) = 2*b**2 - 18*b + 1. Let x be w(9). Let j be k(x). Let a(i) = 3*i - 4. Calculate a(j).
-16
Let q(s) = 4*s**3 + 2*s - 1. Suppose k - 3*k = -2*r + 10, -3*k = -2*r + 14. Let v be q(r). Let w(x) = -2 - 5*x - x + 4 + 4*x. What is w(v)?
-8
Let t be (-15)/(-4) + 3/12. Let g(j) = -6 - 2 - 5*j + 2 - j**2 - t*j. Calculate g(-7).
8
Let a(v) be the first derivative of v**3/3 - 3*v**2 - 5*v + 49. Let z be (-42)/(-8) + 1/(-4). What is a(z)?
-10
Suppose 3*s = -4*y + 32, 2*y + 10 - 2 = 0. Suppose s = 3*t - 11*t. Let i(p) = -p**3 + 1 - 2*p + 2*p**2 - 6*p**2 + 0*p**2. Calculate i(t).
-3
Let n(c) = 0*c - 24*c**2 - 2*c + 65*c**2 - 16*c**2 - 24*c**2 - 4. Determine n(4).
4
Let h = -45 + 45. Let i(s) = -4 + 3*s + 4*s - 9. Let b(x) = 15*x - 27. Let f(z) = 6*b(z) - 13*i(z). Give f(h).
7
Let r(q) = q**3 + 8*q**2 - q - 57. Let y be r(-7). Let x(v) = -7*v**2 - 3*v - 1. What is x(y)?
-5
Let z = 18 + -15. Let y(c) = -4 + c + 2*c + z. Suppose 4*v + 5*w + 1 = 18, -3*v = w + 1. What is y(v)?
-7
Let c(r) = -15*r - 16. Let k be c(-5). Suppose 5*x = 26 + k. Let h(q) = -x*q + 27*q + q**2 - 16*q + 1. Give h(6).
1
Let m(g) = 2*g + 3. Let x = 506 + -512. Calculate m(x).
-9
Let o be ((-1)/2)/((-1)/(-2)). Let p be o*(-3)/((-6)/4). Let s(b) be the first derivative of 2*b**2 + 3*b - 1635. Determine s(p).
-5
Let r(a) = a**3 + 8*a**2 + 5*a - 6. Let l(q) = -25*q - 182. Let z be l(-7). Calculate r(z).
8
Let a(c) = c + 2. Suppose -4*x + 21 = -15. Suppose w - x = -0. Let r be -3*6/w + 0. Give a(r).
0
Let t(k) = 225*k**2 - 442*k**2 - 4 + k**3 + 223*k**2 + 3 - 9*k. Give t(-7).
13
Let n be (-3)/(-19 + 1) - (-1475)/150. Let j(u) be the third derivative of -n*u**2 + 0 + 0*u + 1/4*u**4 + 5/6*u**3 + 1/60*u**5. Calculate j(-5).
0
Let s be ((-6)/4)/(1/(-8)*4). Let f(k) = -72*k + k**3 + 2 + 69*k - 2*k**3 + s*k**2. Give f(3).
-7
Let w(n) = -1 + 2*n**3 - 8*n**2 + 12*n**2 - 15*n + 3*n**2. Let m(o) = o**3 + 4*o**2 - 8*o. Let j(q) = -5*m(q) + 3*w(q). Calculate j(-3).
-6
Let q(c) be the second derivative of c**4/12 + 7*c**3/6 + 2*c**2 - 117*c - 1. Determine q(-6).
-2
Let k(n) = -n**2 + 64*n - 965. Let x be k(40). Let d(y) be the second derivative of 0*y**2 + 1/20*y**5 + y - 1/6*y**3 + 0 + 5/12*y**4. Calculate d(x).
5
Let u(b) = -4*b - 10. Let f(z) = 3*z + 9. Let x be f(-4). Let h be (-3 - 1)*x/(-3). Let s be u(h). Let l(j) = -j**2 + 5*j - 5. Calculate l(s).
-11
Let w(r) be the second derivative of r**3/2 - 17*r**2/2 - 216*r. Calculate w(13).
22
Let k(a) be the second derivative of 8*a + 0*a**2 + 0*a**3 - 1/2*a**4 + 1/120*a**5 - 1/720*a**6 + 0. Let u(t) be the third derivative of k(t). Give u(5).
-4
Let m(i) be the third derivative of 7*i**4/12 + i**3/6 - 4*i**2 + 18. What is m(1)?
15
Let z be (1/(-3))/(1/(-33)). Let w = 12 - z. Let x(y) = -y - w + 1 + 7. What is x(8)?
-1
Let f(w) = 27*w + w**2 + 19*w**3 - 3 + 0 - 10*w**3 - 10*w**3 - 30*w. Give f(-2).
15
Suppose p + 2 = 0, -i + 6 + 8 = -5*p. Let h(j) = -5*j - 1. Let m(f) = f. Let t(z) = i*m(z) + h(z). Calculate t(-2).
1
Let w(g) = -113*g**3 - g**2 + 22*g + 17. Let s(v) = 23*v**3 - 4*v - 3. Let o(q) = 11*s(q) + 2*w(q). What is o(-1)?
-28
Let m(a) = -a**2 - 6*a - 6. Let b(w) = 3